{"id":47,"date":"2013-05-22T07:11:40","date_gmt":"2013-05-22T05:11:40","guid":{"rendered":"http:\/\/agricampeggioilcolono.it\/prova\/?page_id=47"},"modified":"2020-03-18T18:26:04","modified_gmt":"2020-03-18T17:26:04","slug":"i-musei","status":"publish","type":"page","link":"http:\/\/agricampeggioilcolono.it\/?page_id=47","title":{"rendered":"I MUSEI"},"content":{"rendered":"<h2><strong><span style=\"color: #5aaf48;\">I Musei della Val di Cecina<\/span><\/strong><\/h2>\n<p><span style=\"color: #3acd20;\"><strong><a style=\"color: #3acd20;\" href=\"http:\/\/www.museivaldicecina.it\/it\/museo_delle_miniere.php\" target=\"_blank\" rel=\"noopener noreferrer\"><img loading=\"lazy\" decoding=\"async\" class=\"alignnone wp-image-13376\" src=\"http:\/\/agricampeggioilcolono.it\/wp-content\/uploads\/icona-03-300x300.jpg\" alt=\"\" width=\"51\" height=\"51\" srcset=\"http:\/\/agricampeggioilcolono.it\/wp-content\/uploads\/icona-03-300x300.jpg 300w, http:\/\/agricampeggioilcolono.it\/wp-content\/uploads\/icona-03-150x150.jpg 150w, http:\/\/agricampeggioilcolono.it\/wp-content\/uploads\/icona-03-100x100.jpg 100w, http:\/\/agricampeggioilcolono.it\/wp-content\/uploads\/icona-03.jpg 708w\" sizes=\"auto, (max-width: 51px) 100vw, 51px\" \/> Museo delle Miniere Montecatini V.C.<\/a><\/strong><\/span><\/p>\n<p>Il complesso museale dell&#8217;area mineraria \u00e8 il risultato della volont\u00e0 dell\u2019amministrazione comunale di Montecatini Val di Cecina che con l\u2019aiuto di altre istituzioni: Comunit\u00e0 Montana dell\u2019Alta Val di Cecina, Provincia di Pisa, Regione Toscana, e Unione Europea \u00e8 riuscita a recuperare il complesso minerario abbandonato.<br \/>\nTel: +39 0588 86099 (volterratur.it)<br \/>\nTel: +39 0588 31026<br \/>\n<a href=\"mailto:info@volterratur.it\">info@volterratur.it<\/a><\/p>\n<p><span style=\"color: #3acd20;\"><strong><a style=\"color: #3acd20;\" href=\"http:\/\/www.museivaldicecina.it\/it\/museo_delle_miniere.php\" target=\"_blank\" rel=\"noopener noreferrer\"><img loading=\"lazy\" decoding=\"async\" class=\"alignnone wp-image-13376\" src=\"http:\/\/agricampeggioilcolono.it\/wp-content\/uploads\/icona-03-300x300.jpg\" alt=\"\" width=\"51\" height=\"51\" srcset=\"http:\/\/agricampeggioilcolono.it\/wp-content\/uploads\/icona-03-300x300.jpg 300w, http:\/\/agricampeggioilcolono.it\/wp-content\/uploads\/icona-03-150x150.jpg 150w, http:\/\/agricampeggioilcolono.it\/wp-content\/uploads\/icona-03-100x100.jpg 100w, http:\/\/agricampeggioilcolono.it\/wp-content\/uploads\/icona-03.jpg 708w\" sizes=\"auto, (max-width: 51px) 100vw, 51px\" \/><\/a> <a style=\"color: #3acd20;\" href=\"http:\/\/www.museivaldicecina.it\/it\/ecomuseo_alabastro.php\" target=\"_blank\" rel=\"noopener noreferrer\">Ecomuseo dell&#8217;Alabastro di Volterra<\/a><\/strong><\/span><\/p>\n<p>L&#8217;Ecomuseo si articola in due distinti itinerari territoriali che trovano riferimento in altrettanti musei tematici: l&#8217;itinerario dell&#8217;escavazione, documentato nel punto museale di Castellina Marittima, e l&#8217;itinerario della lavorazione e della commercializzazione, legato alla sede museale di Volterra.<br \/>\nTel: +39 0588 87580<br \/>\n<a href=\"mailto:a.furiesi@comune.volterra.pi.it\">a.furiesi@comune.volterra.pi.it<\/a><\/p>\n<p><span style=\"color: #3acd20;\"><strong><a style=\"color: #3acd20;\" href=\"http:\/\/www.museivaldicecina.it\/it\/museo_delle_miniere.php\" target=\"_blank\" rel=\"noopener noreferrer\"><img loading=\"lazy\" decoding=\"async\" class=\"alignnone wp-image-13376\" src=\"http:\/\/agricampeggioilcolono.it\/wp-content\/uploads\/icona-03-300x300.jpg\" alt=\"\" width=\"51\" height=\"51\" srcset=\"http:\/\/agricampeggioilcolono.it\/wp-content\/uploads\/icona-03-300x300.jpg 300w, http:\/\/agricampeggioilcolono.it\/wp-content\/uploads\/icona-03-150x150.jpg 150w, http:\/\/agricampeggioilcolono.it\/wp-content\/uploads\/icona-03-100x100.jpg 100w, http:\/\/agricampeggioilcolono.it\/wp-content\/uploads\/icona-03.jpg 708w\" sizes=\"auto, (max-width: 51px) 100vw, 51px\" \/><\/a> <a style=\"color: #3acd20;\" href=\"http:\/\/www.museivaldicecina.it\/it\/museo_della_geotermia.php\" target=\"_blank\" rel=\"noopener noreferrer\">Museo della Geotermia di Larderello<\/a><\/strong><\/span><\/p>\n<p>Il Museo della Geotermia di Larderello, fondato alla fine degli anni cinquanta, si trova al piano terra del Palazzo de&#8217; Larderel, recentemente ristrutturato. \u00c8 un museo fortemente multimediale particolarmente adatto per comprendere il fenomeno geotermico ed i suoi sviluppi industriali e che costituisce una buona introduzione alla visita di questo territorio.<br \/>\nTel: +39 0588 67724<br \/>\nTel: +39 0588 86099 (volterratur.it)<br \/>\n<a href=\"mailto:museogeotermia@idealcoop.com\">museogeotermia@idealcoop.com<\/a><\/p>\n<p><span style=\"color: #3acd20;\"><strong><a style=\"color: #3acd20;\" href=\"http:\/\/www.museivaldicecina.it\/it\/museo_delle_miniere.php\" target=\"_blank\" rel=\"noopener noreferrer\"><img loading=\"lazy\" decoding=\"async\" class=\"alignnone wp-image-13376\" src=\"http:\/\/agricampeggioilcolono.it\/wp-content\/uploads\/icona-03-300x300.jpg\" alt=\"\" width=\"51\" height=\"51\" srcset=\"http:\/\/agricampeggioilcolono.it\/wp-content\/uploads\/icona-03-300x300.jpg 300w, http:\/\/agricampeggioilcolono.it\/wp-content\/uploads\/icona-03-150x150.jpg 150w, http:\/\/agricampeggioilcolono.it\/wp-content\/uploads\/icona-03-100x100.jpg 100w, http:\/\/agricampeggioilcolono.it\/wp-content\/uploads\/icona-03.jpg 708w\" sizes=\"auto, (max-width: 51px) 100vw, 51px\" \/><\/a> <a style=\"color: #3acd20;\" href=\"http:\/\/www.museivaldicecina.it\/it\/pinacoteca_volterra.php\" target=\"_blank\" rel=\"noopener noreferrer\">Pinacoteca Civica di Volterra<\/a><\/strong><\/span><br \/>\nLa Pinacoteca Civica di Volterra fu costituita nel 1905 grazie all\u2019illustre storico dell\u2019arte Corrado Ricci. Dal 1982 \u00e8 collocata nel Palazzo Minucci Solaini, uno degli edifici pi\u00f9 importanti di Volterra; attribuito dalla storiografia locale ad Antonio da Sangallo il Vecchio, \u00e8 l\u2019unico palazzo volterrano a conservare quasi intatto il suo aspetto rinascimentale.<br \/>\nLa Pinacoteca ospita molte opere di pregio fra cui spicca la Deposizione del Rosso Fiorentino.<br \/>\nTel: +39 0588 87580<br \/>\n<a href=\"mailto:a.furiesi@comune.volterra.pi.it\">a.furiesi@comune.volterra.pi.it<\/a><\/p>\n<p><span style=\"color: #3acd20;\"><strong><a style=\"color: #3acd20;\" href=\"http:\/\/www.museivaldicecina.it\/it\/museo_delle_miniere.php\" target=\"_blank\" rel=\"noopener noreferrer\"><img loading=\"lazy\" decoding=\"async\" class=\"alignnone wp-image-13376\" src=\"http:\/\/agricampeggioilcolono.it\/wp-content\/uploads\/icona-03-300x300.jpg\" alt=\"\" width=\"51\" height=\"51\" srcset=\"http:\/\/agricampeggioilcolono.it\/wp-content\/uploads\/icona-03-300x300.jpg 300w, http:\/\/agricampeggioilcolono.it\/wp-content\/uploads\/icona-03-150x150.jpg 150w, http:\/\/agricampeggioilcolono.it\/wp-content\/uploads\/icona-03-100x100.jpg 100w, http:\/\/agricampeggioilcolono.it\/wp-content\/uploads\/icona-03.jpg 708w\" sizes=\"auto, (max-width: 51px) 100vw, 51px\" \/><\/a> <a style=\"color: #3acd20;\" href=\"http:\/\/www.museivaldicecina.it\/it\/rocca_sillana.php\" target=\"_blank\" rel=\"noopener noreferrer\">Rocca Sillana<\/a><\/strong><\/span><br \/>\nFra i tanti monumenti e centri abitati che occupano le sommit\u00e0 delle colline della Val di Cecina il castello di Rocca Sillana \u00e8 uno dei pi\u00f9 significativi ed era uno dei maggiori insediamenti della zona, aperto al pubblico da pochi anni. Sorge isolato su un\u2019altura impervia e circondata da una fitta boscaglia, ma in realt\u00e0 \u00e8 un sito ricco di storia, che fu densamente abitato durante il medioevo e che controllava un territorio molto vasto.<br \/>\nTel: +39 0588 62381<br \/>\nTel: +39 0588 86099 (volterratur.it)<br \/>\n<a href=\"mailto:a.furiesi@comune.volterra.pi.it\">info@volterratur.it<\/a><\/p>\n<p><span style=\"color: #3acd20;\"><strong><a style=\"color: #3acd20;\" href=\"http:\/\/www.museivaldicecina.it\/it\/museo_delle_miniere.php\" target=\"_blank\" rel=\"noopener noreferrer\"><img loading=\"lazy\" decoding=\"async\" class=\"alignnone wp-image-13376\" src=\"http:\/\/agricampeggioilcolono.it\/wp-content\/uploads\/icona-03-300x300.jpg\" alt=\"\" width=\"51\" height=\"51\" srcset=\"http:\/\/agricampeggioilcolono.it\/wp-content\/uploads\/icona-03-300x300.jpg 300w, http:\/\/agricampeggioilcolono.it\/wp-content\/uploads\/icona-03-150x150.jpg 150w, http:\/\/agricampeggioilcolono.it\/wp-content\/uploads\/icona-03-100x100.jpg 100w, http:\/\/agricampeggioilcolono.it\/wp-content\/uploads\/icona-03.jpg 708w\" sizes=\"auto, (max-width: 51px) 100vw, 51px\" \/><\/a> <a style=\"color: #3acd20;\" href=\"http:\/\/www.museivaldicecina.it\/it\/borgo_diffuso_montecatini.php\" target=\"_blank\" rel=\"noopener noreferrer\">Museo Diffuso &#8211; Borgo di Montecatini V.C.<\/a><\/strong><\/span><br \/>\n\u00c8 soprattutto l\u2019architettura a raccontare meglio l\u2019origine di Montecatini Val di Cecina il cui nome si lega in modo inscindibile a quello delle sue miniere di rame, conosciuto e utilizzato gi\u00e0 dagli Etruschi, ha rappresentato, infatti, per secoli la principale risorsa economica del territorio. Nel 1996 \u00e8 nato un progetto di conservazione degli insediamenti minerari finalizzato ad una complessiva opera di recupero e valorizzazione di un periodo museale diffuso.<br \/>\nTel: +39 0588 86099 (volterratur.it)<br \/>\nTel: +39 0588 31026<br \/>\n<a href=\"mailtoa.furiesi@comune.volterra.pi.it\">info@volterratur.it<\/a><\/p>\n","protected":false},"excerpt":{"rendered":"<p>I Musei della Val di Cecina Museo delle Miniere Montecatini V.C. Il complesso museale dell&#8217;area mineraria \u00e8 il risultato della volont\u00e0 dell\u2019amministrazione comunale di Montecatini Val di Cecina che con l\u2019aiuto di altre istituzioni: Comunit\u00e0 Montana dell\u2019Alta Val di Cecina, Provincia di Pisa, Regione Toscana, e Unione Europea \u00e8 riuscita a recuperare il complesso minerario &hellip; <\/p>\n<p class=\"link-more\"><a href=\"http:\/\/agricampeggioilcolono.it\/?page_id=47\" class=\"more-link\">Leggi tutto<span class=\"screen-reader-text\"> &#8220;I MUSEI&#8221;<\/span><\/a><\/p>\n","protected":false},"author":1,"featured_media":0,"parent":0,"menu_order":0,"comment_status":"closed","ping_status":"closed","template":"","meta":{"footnotes":""},"class_list":["post-47","page","type-page","status-publish","hentry"],"_links":{"self":[{"href":"http:\/\/agricampeggioilcolono.it\/index.php?rest_route=\/wp\/v2\/pages\/47","targetHints":{"allow":["GET"]}}],"collection":[{"href":"http:\/\/agricampeggioilcolono.it\/index.php?rest_route=\/wp\/v2\/pages"}],"about":[{"href":"http:\/\/agricampeggioilcolono.it\/index.php?rest_route=\/wp\/v2\/types\/page"}],"author":[{"embeddable":true,"href":"http:\/\/agricampeggioilcolono.it\/index.php?rest_route=\/wp\/v2\/users\/1"}],"replies":[{"embeddable":true,"href":"http:\/\/agricampeggioilcolono.it\/index.php?rest_route=%2Fwp%2Fv2%2Fcomments&post=47"}],"version-history":[{"count":9,"href":"http:\/\/agricampeggioilcolono.it\/index.php?rest_route=\/wp\/v2\/pages\/47\/revisions"}],"predecessor-version":[{"id":13384,"href":"http:\/\/agricampeggioilcolono.it\/index.php?rest_route=\/wp\/v2\/pages\/47\/revisions\/13384"}],"wp:attachment":[{"href":"http:\/\/agricampeggioilcolono.it\/index.php?rest_route=%2Fwp%2Fv2%2Fmedia&parent=47"}],"curies":[{"name":"wp","href":"https:\/\/api.w.org\/{rel}","templated":true}]}}

<h2><strong><span style="color: #5aaf48;">I Musei della Val di Cecina</span></strong></h2>
<p><span style="color: #3acd20;"><strong><a style="color: #3acd20;" href="http://www.museivaldicecina.it/it/museo_delle_miniere.php" target="_blank" rel="noopener noreferrer"><img loading="lazy" decoding="async" class="alignnone wp-image-13376" src="http://agricampeggioilcolono.it/wp-content/uploads/icona-03-300x300.jpg" alt="" width="51" height="51" srcset="http://agricampeggioilcolono.it/wp-content/uploads/icona-03-300x300.jpg 300w, http://agricampeggioilcolono.it/wp-content/uploads/icona-03-150x150.jpg 150w, http://agricampeggioilcolono.it/wp-content/uploads/icona-03-100x100.jpg 100w, http://agricampeggioilcolono.it/wp-content/uploads/icona-03.jpg 708w" sizes="auto, (max-width: 51px) 100vw, 51px" /> Museo delle Miniere Montecatini V.C.</a></strong></span></p>
<p>Il complesso museale dell&#8217;area mineraria è il risultato della volontà dell’amministrazione comunale di Montecatini Val di Cecina che con l’aiuto di altre istituzioni: Comunità Montana dell’Alta Val di Cecina, Provincia di Pisa, Regione Toscana, e Unione Europea è riuscita a recuperare il complesso minerario abbandonato.<br />
Tel: +39 0588 86099 (volterratur.it)<br />
Tel: +39 0588 31026<br />
<a href="mailto:info@volterratur.it">info@volterratur.it</a></p>
<p><span style="color: #3acd20;"><strong><a style="color: #3acd20;" href="http://www.museivaldicecina.it/it/museo_delle_miniere.php" target="_blank" rel="noopener noreferrer"><img loading="lazy" decoding="async" class="alignnone wp-image-13376" src="http://agricampeggioilcolono.it/wp-content/uploads/icona-03-300x300.jpg" alt="" width="51" height="51" srcset="http://agricampeggioilcolono.it/wp-content/uploads/icona-03-300x300.jpg 300w, http://agricampeggioilcolono.it/wp-content/uploads/icona-03-150x150.jpg 150w, http://agricampeggioilcolono.it/wp-content/uploads/icona-03-100x100.jpg 100w, http://agricampeggioilcolono.it/wp-content/uploads/icona-03.jpg 708w" sizes="auto, (max-width: 51px) 100vw, 51px" /></a> <a style="color: #3acd20;" href="http://www.museivaldicecina.it/it/ecomuseo_alabastro.php" target="_blank" rel="noopener noreferrer">Ecomuseo dell&#8217;Alabastro di Volterra</a></strong></span></p>
<p>L&#8217;Ecomuseo si articola in due distinti itinerari territoriali che trovano riferimento in altrettanti musei tematici: l&#8217;itinerario dell&#8217;escavazione, documentato nel punto museale di Castellina Marittima, e l&#8217;itinerario della lavorazione e della commercializzazione, legato alla sede museale di Volterra.<br />
Tel: +39 0588 87580<br />
<a href="mailto:a.furiesi@comune.volterra.pi.it">a.furiesi@comune.volterra.pi.it</a></p>
<p><span style="color: #3acd20;"><strong><a style="color: #3acd20;" href="http://www.museivaldicecina.it/it/museo_delle_miniere.php" target="_blank" rel="noopener noreferrer"><img loading="lazy" decoding="async" class="alignnone wp-image-13376" src="http://agricampeggioilcolono.it/wp-content/uploads/icona-03-300x300.jpg" alt="" width="51" height="51" srcset="http://agricampeggioilcolono.it/wp-content/uploads/icona-03-300x300.jpg 300w, http://agricampeggioilcolono.it/wp-content/uploads/icona-03-150x150.jpg 150w, http://agricampeggioilcolono.it/wp-content/uploads/icona-03-100x100.jpg 100w, http://agricampeggioilcolono.it/wp-content/uploads/icona-03.jpg 708w" sizes="auto, (max-width: 51px) 100vw, 51px" /></a> <a style="color: #3acd20;" href="http://www.museivaldicecina.it/it/museo_della_geotermia.php" target="_blank" rel="noopener noreferrer">Museo della Geotermia di Larderello</a></strong></span></p>
<p>Il Museo della Geotermia di Larderello, fondato alla fine degli anni cinquanta, si trova al piano terra del Palazzo de&#8217; Larderel, recentemente ristrutturato. È un museo fortemente multimediale particolarmente adatto per comprendere il fenomeno geotermico ed i suoi sviluppi industriali e che costituisce una buona introduzione alla visita di questo territorio.<br />
Tel: +39 0588 67724<br />
Tel: +39 0588 86099 (volterratur.it)<br />
<a href="mailto:museogeotermia@idealcoop.com">museogeotermia@idealcoop.com</a></p>
<p><span style="color: #3acd20;"><strong><a style="color: #3acd20;" href="http://www.museivaldicecina.it/it/museo_delle_miniere.php" target="_blank" rel="noopener noreferrer"><img loading="lazy" decoding="async" class="alignnone wp-image-13376" src="http://agricampeggioilcolono.it/wp-content/uploads/icona-03-300x300.jpg" alt="" width="51" height="51" srcset="http://agricampeggioilcolono.it/wp-content/uploads/icona-03-300x300.jpg 300w, http://agricampeggioilcolono.it/wp-content/uploads/icona-03-150x150.jpg 150w, http://agricampeggioilcolono.it/wp-content/uploads/icona-03-100x100.jpg 100w, http://agricampeggioilcolono.it/wp-content/uploads/icona-03.jpg 708w" sizes="auto, (max-width: 51px) 100vw, 51px" /></a> <a style="color: #3acd20;" href="http://www.museivaldicecina.it/it/pinacoteca_volterra.php" target="_blank" rel="noopener noreferrer">Pinacoteca Civica di Volterra</a></strong></span><br />
La Pinacoteca Civica di Volterra fu costituita nel 1905 grazie all’illustre storico dell’arte Corrado Ricci. Dal 1982 è collocata nel Palazzo Minucci Solaini, uno degli edifici più importanti di Volterra; attribuito dalla storiografia locale ad Antonio da Sangallo il Vecchio, è l’unico palazzo volterrano a conservare quasi intatto il suo aspetto rinascimentale.<br />
La Pinacoteca ospita molte opere di pregio fra cui spicca la Deposizione del Rosso Fiorentino.<br />
Tel: +39 0588 87580<br />
<a href="mailto:a.furiesi@comune.volterra.pi.it">a.furiesi@comune.volterra.pi.it</a></p>
<p><span style="color: #3acd20;"><strong><a style="color: #3acd20;" href="http://www.museivaldicecina.it/it/museo_delle_miniere.php" target="_blank" rel="noopener noreferrer"><img loading="lazy" decoding="async" class="alignnone wp-image-13376" src="http://agricampeggioilcolono.it/wp-content/uploads/icona-03-300x300.jpg" alt="" width="51" height="51" srcset="http://agricampeggioilcolono.it/wp-content/uploads/icona-03-300x300.jpg 300w, http://agricampeggioilcolono.it/wp-content/uploads/icona-03-150x150.jpg 150w, http://agricampeggioilcolono.it/wp-content/uploads/icona-03-100x100.jpg 100w, http://agricampeggioilcolono.it/wp-content/uploads/icona-03.jpg 708w" sizes="auto, (max-width: 51px) 100vw, 51px" /></a> <a style="color: #3acd20;" href="http://www.museivaldicecina.it/it/rocca_sillana.php" target="_blank" rel="noopener noreferrer">Rocca Sillana</a></strong></span><br />
Fra i tanti monumenti e centri abitati che occupano le sommità delle colline della Val di Cecina il castello di Rocca Sillana è uno dei più significativi ed era uno dei maggiori insediamenti della zona, aperto al pubblico da pochi anni. Sorge isolato su un’altura impervia e circondata da una fitta boscaglia, ma in realtà è un sito ricco di storia, che fu densamente abitato durante il medioevo e che controllava un territorio molto vasto.<br />
Tel: +39 0588 62381<br />
Tel: +39 0588 86099 (volterratur.it)<br />
<a href="mailto:a.furiesi@comune.volterra.pi.it">info@volterratur.it</a></p>
<p><span style="color: #3acd20;"><strong><a style="color: #3acd20;" href="http://www.museivaldicecina.it/it/museo_delle_miniere.php" target="_blank" rel="noopener noreferrer"><img loading="lazy" decoding="async" class="alignnone wp-image-13376" src="http://agricampeggioilcolono.it/wp-content/uploads/icona-03-300x300.jpg" alt="" width="51" height="51" srcset="http://agricampeggioilcolono.it/wp-content/uploads/icona-03-300x300.jpg 300w, http://agricampeggioilcolono.it/wp-content/uploads/icona-03-150x150.jpg 150w, http://agricampeggioilcolono.it/wp-content/uploads/icona-03-100x100.jpg 100w, http://agricampeggioilcolono.it/wp-content/uploads/icona-03.jpg 708w" sizes="auto, (max-width: 51px) 100vw, 51px" /></a> <a style="color: #3acd20;" href="http://www.museivaldicecina.it/it/borgo_diffuso_montecatini.php" target="_blank" rel="noopener noreferrer">Museo Diffuso &#8211; Borgo di Montecatini V.C.</a></strong></span><br />
È soprattutto l’architettura a raccontare meglio l’origine di Montecatini Val di Cecina il cui nome si lega in modo inscindibile a quello delle sue miniere di rame, conosciuto e utilizzato già dagli Etruschi, ha rappresentato, infatti, per secoli la principale risorsa economica del territorio. Nel 1996 è nato un progetto di conservazione degli insediamenti minerari finalizzato ad una complessiva opera di recupero e valorizzazione di un periodo museale diffuso.<br />
Tel: +39 0588 86099 (volterratur.it)<br />
Tel: +39 0588 31026<br />
<a href="mailtoa.furiesi@comune.volterra.pi.it">info@volterratur.it</a></p>

<p>I Musei della Val di Cecina Museo delle Miniere Montecatini V.C. Il complesso museale dell&#8217;area mineraria è il risultato della volontà dell’amministrazione comunale di Montecatini Val di Cecina che con l’aiuto di altre istituzioni: Comunità Montana dell’Alta Val di Cecina, Provincia di Pisa, Regione Toscana, e Unione Europea è riuscita a recuperare il complesso minerario &hellip; </p>
<p class="link-more"><a href="http://agricampeggioilcolono.it/?page_id=47" class="more-link">Leggi tutto<span class="screen-reader-text"> &#8220;I MUSEI&#8221;</span></a></p>
